 + 6*o(n). Suppose 10 = 8*v - 3*v. What is the remainder when v is divided by t(-5)?
0
What is the remainder when (-9 - (-4 + 6))*-5 is divided by 20?
15
Suppose 3*y + 4*f = -10, 3*f + 22 = 3*y + 4. Calculate the remainder when 44/y - (2 + 0) is divided by (-2)/(-1 - (-10)/14).
6
Suppose 4*f = -s - 12, s - 3*s = f - 4. Let g(w) = w**3 + 6*w**2 + 5*w + 6. What is the remainder when 70 is divided by g(f)?
16
Let f = 21 + -2. Let x be (-1)/4 + 17/4. Suppose x*r + 0*r = -3*s + 1, 3*r + 50 = 5*s. Calculate the remainder when f is divided by s.
5
Let h = 24 + 2. Let a = 11 + h. Calculate the remainder when a is divided by 10.
7
Let z = 75 + -52. Let p be (6 + -2)/(2/(-3)). Let b = p + 14. Calculate the remainder when z is divided by b.
7
Let x = 100 + -59. What is the remainder when x is divided by 11?
8
Let f(p) = p**3 + 3*p**2 + 3. Let b(c) = -c + 9. What is the remainder when b(4) is divided by f(-3)?
2
Let q = -10 - -10. Suppose f - 5*f + 188 = q. Calculate the remainder when f is divided by 25.
22
Suppose 0 = -5*q + 2*j + 27, -2*j = -4*q - 0*q + 22. Let b = -3 + q. What is the remainder when 4 is divided by b?
0
Suppose -k + 22 = 2. Calculate the remainder when 0 + 19/(-2)*-4 is divided by k.
18
Let r(w) = w**2 + 5*w - 15. Calculate the remainder when 102 is divided by r(4).
18
Suppose 4*l + 3 = -i, l - i = -l - 3. Let w(y) = -y**3 + y**2 + 10. Calculate the remainder when w(0) is divided by (-2)/((-2)/(3 - l)).
2
Suppose 2*s - 4*s + b = -12, -3*b = -5*s + 31. Suppose 4*d = s*d. Suppose -u + 6*u - 215 = d. What is the remainder when u is divided by 15?
13
Suppose -4*d = -4, 5*c - 3*d + 125 = 2*d. Suppose -o + 6 = -5. Calculate the remainder when c/10*(-40)/3 is divided by o.
10
Let t = -12 + 65. Calculate the remainder when t is divided by 19.
15
Suppose h + 3 = 13. Suppose -f = -4*f + 4*k + 65, -5*f - 4*k = -151. Calculate the remainder when f is divided by h.
7
Suppose -5*n - 15 = -10*n. Suppose -n*o + 1 = -0*o - a, 0 = -5*o - 5*a + 35. Suppose -o*z = -35 - 11. Calculate the remainder when z is divided by 6.
5
Let x(w) = w**3 - 2*w**2 - 4. Let v be (1*-1)/((-3)/(-9)). Let o = v - -13. What is the remainder when x(4) is divided by o?
8
Let u = -26 - -55. Calculate the remainder when 113 is divided by u.
26
Let n(q) = 49*q**3 + q**2. Calculate the remainder when n(1) is divided by 9.
5
Let a(u) = 34*u**2 - 27*u**2 + 7 - u + 0*u - u**3. Calculate the remainder when a(6) is divided by 10.
7
Suppose -16*a = -6*a - 980. What is the remainder when a is divided by -1*(-50)/2*1?
23
Let j(a) = 10*a**3 + 2*a**2 - 1. Let p be 3/(-6)*(1 + -1). Suppose 5*u - 3*i - 5 = p, 0*i - 3*i = 0. Calculate the remainder when 31 is divided by j(u).
9
Let x(g) = -g**2 + 14*g. Let k be x(11). Suppose 5*p - 2*p - k = 4*v, 3*p - v = 42. Calculate the remainder when 29 is divided by p.
14
Suppose 2*p - 7*p - 60 = -5*g, 2*g - 4*p - 32 = 0. Let a(o) = -o**3 + 7*o**2 + 11*o - 10. What is the remainder when 53 is divided by a(g)?
11
Suppose 0 = 4*i + 3*d + 9, -3*i + 3*d + 9 = -0*i. Suppose -b = -i*b - 8. What is the remainder when ((-44)/(-6))/(3/9) is divided by b?
6
Let x = -98 + 140. Suppose j = 4*j - x. Calculate the remainder when j is divided by 6.
2
Suppose -3*r + 5*h = -6, 0 = -4*h - 0*h. Let s = 7 - r. Suppose 4*w - 40 = -3*o, -2*o = -o - 2*w. Calculate the remainder when o is divided by s.
3
Suppose -4*c - 12 = -4*y, c = 5*y - 3*c - 13. Suppose 0 = -5*g - 4 - y. Calculate the remainder when 37 - (-2 - 2*g) is divided by 13.
11
Let i = -25 + 46. Let v = 29 - i. What is the remainder when 30 is divided by v?
6
Let l(j) be the second derivative of j**4/12 - 5*j**3/6 + 7*j**2/2 + 4*j. What is the remainder when 60 is divided by l(7)?
18
What is the remainder when 95 is divided by (156/(-65))/((-1)/5)?
11
Let k(c) = c + 38. Suppose 4*b - 4 = 32. Let s be -1 + b/3 + -2. Calculate the remainder when k(s) is divided by 13.
12
Suppose 0 = 5*j + 5*w - 45 - 255, -2*w = -2*j + 112. Let r = j - 18. What is the remainder when r is divided by 11?
7
Let o = 64 + -44. What is the remainder when (-8)/(-28) + (-257)/(-7) is divided by o?
17
Suppose 7 = 4*g + 4*j - 249, -4*g + 251 = -j. Suppose t = -2*t + g. Calculate the remainder when t is divided by 12.
9
Let n(j) = 10*j - 2. Let v = 7 - 5. Suppose -117 - 195 = -6*q. What is the remainder when q is divided by n(v)?
16
What is the remainder when 13 is divided by -1*15/(-3 + 0)?
3
Let n = 56 - 42. Let w be 4 - (-2 - -1 - -2). Suppose -k + w*v - 4 = 0, v - 3 - 5 = -k. Calculate the remainder when n is divided by k.
4
Suppose -3*u + 3 = -12. Let n = u + 5. What is the remainder when (0 + 0 + 29)/1 is divided by n?
9
Suppose 5*t - 27 = -2*z + 8, -4*t = 5*z - 96. What is the remainder when 39 is divided by z?
19
Let m(k) = -k**2 + 2*k**2 - 7 + 4*k + 0*k**2. Calculate the remainder when 1026/72 - (-5)/(-4) is divided by m(-6).
3
Suppose 2*n - 3*h = 24, -4 - 18 = -3*n + h. What is the remainder when 16 is divided by n?
4
Suppose f = 91 - 47. Let w = 26 - 11. What is the remainder when f is divided by w?
14
Let q(m) = 2*m - 3. Let v be q(4). Let y(t) be the second derivative of 5*t**3/6 - 3*t**2 - 2*t. What is the remainder when 37 is divided by y(v)?
18
Let a = -6 + 0. Calculate the remainder when 47 is divided by (-78)/(-5) - a/15.
15
Calculate the remainder when 32 is divided by 4 - 3 - (-17 - 0).
14
Suppose b - 15 = -g + 2*g, 2*b - g - 34 = 0. Suppose -4*v + 216 = -q + 3*q, -2*v - 2*q = -106. Calculate the remainder when v is divided by b.
17
Suppose -3*r = -0*r. Suppose 9*f - 12*f + 9 = r. Calculate the remainder when 6 is divided by f.
0
Suppose -35*s - 768 = -47*s. What is the remainder when s is divided by 22?
20
Suppose 0 = 5*m - 29 + 9. Suppose 3*g + 10 = m. Calculate the remainder when ((-1)/(-3))/(g/(-12)) is divided by 2.
0
Suppose x = -1 + 20. Calculate the remainder when 32 is divided by x.
13
Let b = 40 + -17. Calculate the remainder when b is divided by 15.
8
Suppose 51 = 3*a - 0*a. Suppose 2*n = 24 + 32. Suppose -2*j - 3*t - 9 = -4*j, -4*j = 4*t - n. Calculate the remainder when a is divided by j.
5
Suppose -t + g + 6 = -2*g, 34 = 2*t + 5*g. Suppose 0 = 3*s - 4*s - n + t, 0 = -4*s + 5*n + 39. Calculate the remainder when 17 is divided by s.
6
Suppose -2*b + 1 + 3 = 0. What is the remainder when 9 - (-2)/(4/2) is divided by 4/b + (3 - -1)?
4
Let h be 4 + -2 - (3 + -3). Suppose 2*a = -0*l + 2*l + 12, 3*l + h = a. What is the remainder when a is divided by 5?
3
Let m(j) = 12*j**2 - 8*j - 10. Let i be m(-4). Suppose 3*g - 5*k = i, 10*g - 378 = 5*g + 3*k. What is the remainder when g is divided by 20?
18
Let v = -8 + 17. Calculate the remainder when 4/(-18) + 641/9 is divided by -3 - v*(1 + -4).
23
Let x be 3/(9/6) - 2. Suppose 3*i + 2*i = x. Suppose i*o = 2*o - 146. Calculate the remainder when o is divided by 25.
23
Suppose 3*q - 17 = -2*x - 0*q, x - 41 = 5*q. Calculate the remainder when 127 is divided by x.
15
Let x be 1/((-6)/9)*-2. Suppose x*y - 75 = 2*q - 0*q, -25 = -y + 3*q. What is the remainder when y is divided by (-1)/((2/(-9))/2)?
7
Let r(x) = x**2 + 5*x + 3. What is the remainder when 65 is divided by r(-7)?
14
Let b = 7 - 4. Suppose -54 = -4*p + p. Suppose -l + 3*i = -p, l - i - 23 = b*i. Calculate the remainder when 8 is divided by l.
2
Let l(s) = s**2 + 5*s - 18. Suppose 4 = -i - 4*f + 27, 22 = 2*i + 2*f. What is the remainder when l(-9) is divided by i?
4
Suppose -3*m = -4*b + 7, -5*m - b = -19 - 0. What is the remainder when (m/2)/((-3)/(-4)) is divided by 2?
0
Suppose 0 = -3*g + 119 + 25. Let d = g + 19. Calculate the remainder when d is divided by 14.
11
Let f(q) = -q**2 - 7*q + 2. Let r be f(-7). Suppose c = -r*c. Suppose -u - 2 + 15 = c. What is the remainder when 24 is divided by u?
11
Suppose -2*n - 3*n = t - 36, -12 = -n + t. Suppose -2*u + 2*x = -0*u - 20, -4*x = -20. What is the remainder when u is divided by n?
7
Let g be 1 + 1 - (5 + 4). Let s(y) = y**3 + 7*y**2 - y - 8. Let t be s(g). What is the remainder when (-2 + -1)/t + 14 is divided by 9?
8
Let g(o) = -19*o + 2. Suppose 5*y = 3*f + 51, 4*y + f = 46 + 5. Calculate the remainder when g(-1) is divided by y.
9
Let k = -14 - -19. Let d be 2*(-1)/2 + 1. Suppose d = -k*i + 2*i + 78. What is the remainder when 50 is divided by i?
24
Suppose 4*x +